at is the units digit of t(0)?
4
What is the hundreds digit of 140955/75 + (24/(-10) - -3)?
8
Let p be -12*1/(-3)*24/16. Suppose 54 = 2*u - 5*n - p, -u + 41 = 3*n. What is the units digit of u?
5
Let n(t) = -4*t**3. Let y(g) = -g**2 - 8*g + 7. Let q be (2 - 5)*2 - 3. Let a be y(q). What is the units digit of n(a)?
2
Let h = -16 - -19. Let v(r) = 2 - h*r + 0*r - 7 + r. What is the tens digit of v(-15)?
2
Let a be (-3 - (-21)/3) + 17. Suppose x = -1 - a. Let u = -20 - x. What is the units digit of u?
2
Suppose -3*l + 3474 = -3*d, -5*d + 2884 = 2*l + 568. What is the tens digit of l?
5
Let h be 34/8 - 12/(-16). Suppose h*w = w - 40. Let d = 65 + w. What is the units digit of d?
5
Let i(d) = -110*d**3 + d**2 + 6*d + 3. What is the tens digit of i(-2)?
7
Suppose 0 = -20*g + 14*g + 1290. What is the units digit of g?
5
Suppose 0 = 58*i - 94*i + 35964. What is the units digit of i?
9
Suppose -4*g - 14 = 46. Let k be -1 - g/10*4. Suppose 137 + 253 = k*t. What is the tens digit of t?
7
Let f(g) = -g**3 + 5*g**2 - 5*g + 3. Let t be f(3). Suppose -s + t = -13. What is the units digit of s?
9
Let g = 235 - 210. What is the units digit of g?
5
Let w(h) = h**3 + 102. Let o be w(0). Suppose -u = 4*v - o, u + 3*v + 171 = 3*u. What is the tens digit of u?
9
Suppose -3*o + 618 = -3*j, -935 = -5*o + 2*j + 89. Let x = o + -102. What is the tens digit of x?
0
Suppose -9*v = -10*v + 5. Suppose -n + 87 = -2*l, -v = 3*l + 4. What is the tens digit of n?
8
Let t be 3 - 2/(-4)*2. Suppose 4*r - t*v = 28, 2*r - 22 + 0 = 4*v. Suppose -3*x = -r*f - 78, -f + 19 = 3*x - 47. What is the tens digit of x?
2
Let p(j) = j**3 + 3*j**2 - 5*j + 2. Let i be p(-4). Suppose -k + 2 = -i. What is the units digit of k?
8
Let d(h) = -6*h**3 + h**2 - 2*h + 14. Let p(c) = c**3 - c**2 - 1. Let b(f) = d(f) + 5*p(f). What is the tens digit of b(-5)?
4
Let y(o) = -30*o**3 + 2*o**2 + o. Let b be y(-1). Suppose -b = -5*x - 3*v + 4*v, 0 = 3*x - 2*v - 13. What is the units digit of x?
7
Let k be (-16)/6*(-15)/10. Let p = -3 - -3. Suppose -v = -p*v - k. What is the units digit of v?
4
Let w(p) = -25 + 77 + p - 9. What is the units digit of w(0)?
3
Suppose -2488 = -2*m + 2*x - 284, 4*m + 3*x = 4387. What is the hundreds digit of m?
0
Let k be 16/(-56) - 138/7. Let n = -18 - k. Suppose 0 = 5*s - 0*r + n*r - 176, 3*r = 3*s - 114. What is the units digit of s?
6
Suppose -7*k + b + 8 = -3*k, 20 = 5*b. Let x(w) = -2*w + 19. Let m(s) = -s + 19. Let i(g) = k*x(g) - 2*m(g). What is the units digit of i(-8)?
1
Let s = -136 - -392. What is the hundreds digit of s?
2
Let p(b) = b**3 - 7*b**2 + 7*b - 1. Let g be p(6). Suppose 5*d - 3*i = -34, g*i + 42 = -0*d - 4*d. Let h = 41 + d. What is the units digit of h?
3
Let d(s) = s + 7. Let q be d(-4). Suppose 29 = -c + q*p, 4*c + p = 51 - 154. Let l = 4 - c. What is the tens digit of l?
3
Let f(s) be the third derivative of s**6/120 + s**5/20 - s**4/24 + s**3/6 - 2*s**2. Let o be f(-3). Let c = 6 - o. What is the units digit of c?
2
Suppose 5*b + 463 + 287 = 2*t, -t = -4*b - 369. Suppose 4*a + 5*y - t = a, -3*a + 2*y = -392. Let o = a - 62. What is the tens digit of o?
6
Let n be 5/1*2/(-5). Let g be (-4)/n + -9 + 11. Suppose -2*m + 30 = g*t - 0, 2*m = -t + 6. What is the units digit of t?
8
Suppose d = r - 5*r + 25, 4*d - 4 = 0. Let y(f) = r + 0 - 7*f + 3*f**2 - 1. What is the units digit of y(5)?
5
Suppose -5*n + 746 + 0 = 2*y, 0 = -3*y - 2*n + 1119. Suppose 0 = 4*x - 1205 + y. Suppose -5*m - 73 = -x. What is the units digit of m?
7
Suppose 0 = -3*g - 12, -5*q + 2*q - 4*g + 9530 = 0. What is the units digit of q?
2
Suppose 0*h = 3*h - 2*z - 7, 11 = 5*h - 3*z. Suppose 0 = 4*g + 5*o - h, -2*o - 2 = -2*g - 4*o. What is the units digit of g?
4
Let v = 38 + 171. What is the tens digit of v?
0
Let r be (-9)/(-6)*(-10)/(-15). Suppose 6 = -2*a, 5*j + 3 + r = 2*a. Let d = 3 - j. What is the units digit of d?
5
Let w = -124 - -127. Suppose 0 = 3*z - 4*o + 14 - 72, 0 = -w*z + o + 64. What is the units digit of z?
2
Let f be (-6)/15 + (668/(-10))/(-2). Let x = f + 112. What is the hundreds digit of x?
1
Let w = 19 - 25. What is the tens digit of 319/3 - ((-14)/w + -2)?
0
Let q(o) = o - 10. Let k be q(13). Suppose -3*d = k*l - 48, d - 70 = -3*d - l. What is the units digit of d?
8
Let l(g) = -3*g - 6. Let h be l(6). What is the tens digit of 36/h*(-158)/3?
7
What is the units digit of (93/6)/(3/90)?
5
What is the units digit of (20/(-4) - -6)/((-1)/(-463))?
3
Let c(y) = -6*y**2 + 4 - 2*y**3 + 2*y**3 + y**3 + 0*y**3 - 4*y. Let w be c(7). What is the units digit of (-120)/(-75)*w/2?
0
Suppose 237 + 5424 = 37*w. What is the units digit of w?
3
Suppose -4*d = 0, -6*d + d = 5*o - 10. Let z(g) = o*g + 4 - 16 + 0 - g. What is the units digit of z(16)?
4
Suppose 2*g + 8 = 3*s, -4*g + 0*s - 32 = 2*s. Let v(a) = -a**3 - 7*a**2 - 4*a + 6. What is the tens digit of v(g)?
3
Suppose 2*t + 1315 = -389. What is the tens digit of (1 + -3)/(-6 - 5106/t)?
8
Let u be (9/(-12)*-2)/(8/2208). Suppose -4*q + u = 3*h - 2*q, 0 = 4*h - 2*q - 538. What is the hundreds digit of h?
1
Let s = 33 + 463. What is the hundreds digit of s?
4
Let d be 2*(-33*(-1)/6 + 2). Suppose 0 = 14*z - d*z + 45. What is the tens digit of z?
4
Suppose 4521 = 1405*k - 1402*k. What is the units digit of k?
7
Let j = 997 + -370. What is the hundreds digit of j?
6
Let p = -41 - -42. What is the hundreds digit of ((-48)/p)/(21/(-56))?
1
Suppose -2*k - k - 24 = 0. Let h(c) = -5*c**2 - c + 13. Let t(i) = 9*i**2 + 3*i - 25. Let b(f) = 7*h(f) + 4*t(f). What is the tens digit of b(k)?
1
Suppose -3*l + f = 5*f - 2607, -l + 869 = 5*f. What is the tens digit of l?
6
Let r be ((-99)/6)/((-7)/98). Suppose 4*t - 29 = r. What is the units digit of t?
5
Let n be (-153)/(3 + -6) + 1. Suppose m = -m - 42. Let i = n + m. What is the units digit of i?
1
What is the units digit of (-2 + 1/((-10)/(-15)))*-864?
2
Let r be ((-4)/24 - (-1)/(-3))*132. Let b = -45 - r. What is the units digit of b?
1
Let b(u) = -207*u**3 - 5*u**2 - 5*u - 2. What is the hundreds digit of b(-2)?
6
Let z(x) be the third derivative of -x**6/120 + 7*x**5/30 - 19*x**4/24 - x**3 + 36*x**2. What is the tens digit of z(12)?
5
Suppose 0 = -f + 4*w + 161, 4*f - 7*w - 688 = -2*w. Let r = -25 + f. What is the tens digit of r?
5
Let v be 69/115 + 32/5. What is the units digit of (1 + -3)/(v/(-287))?
2
Let t(r) be the first derivative of r**3/3 + 7*r**2/2 + 24*r - 27. What is the tens digit of t(-6)?
1
Let q(f) = -f - 7. Suppose -4*m - 43 = -3. Let x be q(m). Suppose -83 = -4*w + 5*c, 67 - 4 = 3*w - x*c. What is the units digit of w?
2
Suppose 30*h - 27875 = 5*h. What is the hundreds digit of h?
1
Let c = -279 - -384. What is the tens digit of c?
0
Let s(n) be the first derivative of 2*n**2 + 8*n - 3. Let h be s(-8). What is the units digit of -2*4/(h/21)?
7
Let k(c) = -c**3 - c**2 - 3*c - 7. Let x be k(-2). Suppose -796 = x*f - 7*f. What is the tens digit of f?
9
Let y(x) be the first derivative of x**3/3 + 5*x**2/2 + 7*x + 7. What is the units digit of y(-5)?
7
Let w = -11 + 13. Suppose -w*g + 37 = -5. Suppose -3*h + 19 = 2*t, -2*h + g = -2*t + 3*h. What is the units digit of t?
2
What is the units digit of (130/26)/(2/846)?
5
Let w be -1 - 9/3 - -6. What is the tens digit of (w/((-2)/3))/((-10)/120)?
3
Suppose 5*o - 20 = -u + 17, -3*u + 3*o + 21 = 0. What is the tens digit of (u/6)/1*(-526)/(-4)?
6
Let l(y) = 5*y - 177. Let v be l(35). Suppose 3*z - 7 = -2*o, -z = -4*z - o + 8. Let b = z - v. What is the units digit of b?
5
Let y(u) be the first derivative of u**4/4 - 17*u**3/3 - 15*u**2/2 - 25*u + 17. What is the tens digit of y(18)?
2
Let q = -6 + 1. Let y be q/10 + (-123)/6. Let i = -9 - y. What is the units digit of i?
2
What is the units digit of (123 + 0)*(6 + 20/5)?
0
Let c(s) = -s**3 + 16*s**2 - 29*s + 14. Let m be c(14). Let p(b) = -14*b + 100. What is the hundreds digit of p(m)?
1
Let y(o) = 4*o + 6 - o + 20. What is the tens digit of y(11)?
5
Let j be 33 - 2/(1 - -1). Suppose -t - j = -v, 2*t = -4*v - 2*t + 88. What is the tens digit of v?
2
Suppose 0 = -7*t + 8*t - 2. Suppose -96 = -k - t*k. What is the units digit of k?
2
Let z = -120 - -217. Suppose 2*v + 54 = 3*g - 17, -4*g = -5*v - z. Let j = -22 + g. What is the units digit of j?
1
Suppose -75572 - 49614 = -53*y. W